e x(d).
-9
Let m(t) = 48*t + 4. Let v(r) = -2*r**2 + 65*r + 6. Let c(l) = -4*m(l) + 3*v(l). What is c(4)?
-82
Let d(f) = 20 - 9*f + 129*f**2 - 2*f - 261*f**2 + 81*f**3 + 128*f**2 - 80*f**3. What is d(5)?
-10
Let a(j) = -17*j**3 - j**2 + 1. Let l(k) = 171*k**3 + 4*k**2 - 26*k + 68. Let y(x) = 10*a(x) + l(x). What is y(8)?
-2
Let f(q) be the third derivative of -q**6/120 - 13*q**5/60 - 11*q**4/8 - 4*q**3 - q**2 + 4*q + 79. Calculate f(-10).
6
Let l be (-3 + 4/2 - -4)*8. Suppose -5*g + 3*p - 2 = 0, g - l = -g - 5*p. Let h(w) = w**g + 4*w + w - 3*w + 5 + w. What is h(-5)?
15
Suppose x = 6*x - 320. Let m = x - 58. Let q(t) = t**2 - 6*t - 3. Determine q(m).
-3
Let z = 9 - 9. Suppose z = -3*r + 3*h + 21, 0 = -4*r + 3*h + 2*h + 30. Let p(k) = -5*k + 7 + 7*k + 0*k + k**2 - 7*k. Determine p(r).
7
Let s(l) = 4*l + 5. Let m be s(-2). Let q(f) be the first derivative of f**4/4 + 5*f**2/2 + 4*f + 981. Determine q(m).
-38
Let j(g) = 3*g**3 + 2*g**2 + 3*g - 1. Let r = -165 + 167. Let z(c) = -13*c**3 - 9*c**2 - 13*c + 5. Let w(l) = r*z(l) + 9*j(l). Calculate w(-1).
-1
Let s(a) be the third derivative of 19/6*a**3 - 1/12*a**4 - a - 73*a**2 + 0. What is s(7)?
5
Let f(c) be the third derivative of -c**4/12 - 5*c**3/3 + 1589*c**2 + 2*c. Give f(-8).
6
Let r = 26 + -57. Let j = r + 42. Let t(g) = -11*g - 3*g**2 + g**3 + 2 + g**2 + j*g. Determine t(2).
2
Let k(b) = 2*b**3 + b**2 + 5*b + 9. Let y be ((-5)/1 - -2)/((3078/36)/57). Give k(y).
-13
Let p(q) be the second derivative of -q**5/20 + 3*q**4/4 - 4*q**3/3 + 3682*q. Calculate p(9).
-72
Let a(u) = u - 3. Let l be 21 - 1 - (13 - 8). Suppose -30*k + 27*k - l = 0. Determine a(k).
-8
Suppose -d = 3*d - 24. Let n(z) be the third derivative of -z**5/60 + 7*z**4/24 + z**3/3 + 1828*z**2. Give n(d).
8
Let y(u) = 3 - 12*u - 2 + u**2 + 6. Suppose -1689 = -288*s - 33 + 72. Give y(s).
-29
Let h(z) = -22071*z + 11 + z**2 + 22070*z - 66. Calculate h(-5).
-25
Suppose 205 - 13 = 64*l. Suppose 4*m - 10 = 2*m. Let s(z) = -7 + 1 - m*z + l. Determine s(-2).
7
Let d be (8 - 5 - 165/45) + (-1)/3. Let l(o) be the second derivative of 4*o**3 - o**2/2 - o. Determine l(d).
-25
Let d(g) = -6*g**3 + 2*g + 1. Suppose -34 = -2*c + 126. Let n = 10 + -91. Let q = c + n. Give d(q).
5
Let k(f) = 2*f**2 + 21*f - 7. Let g(u) = u**2 - 6*u - 18. Let m be g(7). Let t be k(m). Let w(r) = 3*r - 2. Let b be w(t). Let c(s) = -2*s + 12. Give c(b).
-8
Let q(x) = 2*x**2 + 6*x - 237. Let z be q(-12). Let n(f) = -f**3 - 20*f**2 + 19*f - 44. Give n(z).
-2
Let g(n) = -3*n**3 - 3*n**2 - 4*n - 3. Suppose -25 - 5 = 10*b. What is g(b)?
63
Let a(r) be the second derivative of r**6/720 - r**5/15 + 91*r**4/12 - r**2/2 - 67*r. Let y(d) be the third derivative of a(d). Determine y(-8).
-16
Let b(c) = 60*c - 341. Let z(n) = -17*n + 97. Let d(k) = 5*b(k) + 18*z(k). Calculate d(5).
11
Let i(n) = -n**2 + 11*n + 2. Suppose 3*t - y - 41 = 0, -31*t + 5*y - 15 = -36*t. Give i(t).
2
Let g(f) be the second derivative of -11*f**3/6 - 9*f**2/2 + 90*f. Let x be g(-1). Let i(q) = q. Calculate i(x).
2
Let f(j) = -2*j**2 + 2*j + 3*j**2 + 4*j**2 - 4*j**2. Suppose -13 = 19*o - 2445. Let u = o - 131. Determine f(u).
3
Let j(l) = 17*l**2 + l + 7. Let x(c) = 9*c**2 + c + 4. Let q(y) = 3*j(y) - 5*x(y). Let f(t) = t**2 + 634*t + 19835. Let h be f(-33). Calculate q(h).
21
Let h(m) be the third derivative of -m**6/180 + 3*m**5/40 - m**4/8 - 103*m**3/6 + 18*m**2. Let x(j) be the first derivative of h(j). Determine x(7).
-38
Let t(y) be the first derivative of -2/3*y**3 + 1/4*y**4 + 3/2*y**2 - 1 - 2*y. Determine t(2).
4
Let m be (10 + -6)/(1 + 1) + 1. Let n(b) = m*b**2 - b**3 - 3*b + 7*b + 2 + 6*b**2 - 6*b**2. Determine n(4).
2
Let i(k) be the first derivative of k**3/3 - 5*k**2 + 10*k + 16. Let r be ((-102)/85)/((-6)/200). Suppose 0 = 2*l - 7*l + r. What is i(l)?
-6
Let o(j) be the second derivative of j**4/12 - j**3/2 - 2*j**2 + 11959*j. Let r = -3 + 2. Let u = 3 - r. Calculate o(u).
0
Let s(r) = -24272 + 12142 - 3*r + 12139. Determine s(10).
-21
Let z(r) = -2*r**2 - 3*r + 1. Let y(x) = 9*x - 66. Let b be 2 + (9 - 5) + 1. Let p be y(b). Give z(p).
-8
Let g(j) = 2*j**3 + 15*j**2 + 14*j + 17. Let c(q) = -q**3 - 7*q**2 - 8*q - 8. Let o(z) = 5*c(z) + 3*g(z). Calculate o(-10).
-9
Let z be 29 + (2 - 0 - 6). Suppose -z = 5*j - 95. Suppose 0 = j*b - 12*b. Let h(m) = m - 5. Determine h(b).
-5
Let h(l) = 761*l - 13704. Let a be h(18). Let t(c) = 37*c + 224. Calculate t(a).
2
Let n(j) = -9*j - 124. Suppose -49*c - 47 = 4*h - 48*c, 5*h = -4*c - 67. Give n(h).
-25
Let v(t) = -5*t**2 - 9*t - 6. Let o(c) = c**2 + c + 3. Let g(f) = -4*o(f) - v(f). Suppose 0 = -5*p - 15 - 20. Give g(p).
8
Let k(a) = -20*a - 5. Let w(z) = 33*z + 13. Let t(x) = 5*k(x) + 3*w(x). Let g = -1 + 1. Calculate t(g).
14
Let a(l) be the first derivative of -l**3/3 - 17*l**2/2 - 68*l + 1334. Determine a(-6).
-2
Let m = 25 + -21. Suppose -2*b + 34 = 4*i + 2, m*i + b = 28. Let f(g) be the first derivative of -g**4/4 + 5*g**3/3 + 7*g**2/2 - 9*g + 4. Give f(i).
-3
Let j(w) = w**3 + 6*w**2 + 6*w - 5. Suppose -4*g - 13 = -3*b, 5*g + 21 - 4 = 4*b. Suppose b = 7*z + 38. Give j(z).
-10
Let c be ((-18)/8)/(1/4). Let o = 562 + -557. Let t(s) = s. Let w(j) = -2*j + 2. Let n(k) = o*t(k) + 3*w(k). Determine n(c).
15
Let i(k) = 64*k + 2. Let p(b) = 12*b - 1. Let q(v) = i(v) - 5*p(v). What is q(0)?
7
Let h(c) = c**2 - 12*c - 118. Let y = -430 + 448. Calculate h(y).
-10
Let r = -36570 - -36569. Let h(o) = -8*o**3 - 2*o**2 - 2*o. Determine h(r).
8
Let z(o) = -o + 1. Let p be z(1). Suppose -2*u + p = 2. Let b(k) = 5*k**2 - 5*k - 3. Let d be b(u). Let s(m) = m - 7. What is s(d)?
0
Let k(c) be the first derivative of -2*c**3/3 + 9*c**2/2 - 18. Let u be k(3). Let h(s) be the first derivative of s**4/4 - 3*s**3 - s + 5. Determine h(u).
-1
Let d(x) = -12*x - 64. Let q(p) = -p - 5. Let m(h) = -6*d(h) + 76*q(h). Give m(-10).
44
Let p = -81 + 79. Let k be (7 + 1)*(p - 11/(-4)). Suppose 3*g - k*y + y - 26 = 0, 5*g + 5*y = 30. Let r(m) = 3*m - 10. Give r(g).
11
Let h(g) = -23*g + 21. Let p(w) = -67*w + 61. Let b(l) = -11*h(l) + 4*p(l). What is b(1)?
-2
Let r(l) = 2*l + 36. Let t be r(-17). Let q(g) = 7*g**t - g**3 - 4*g + 35 - 92 + 47. Let p be q(6). Let z(v) = -v**3 + 3*v**2 - v. Determine z(p).
2
Let g(s) = 41*s + 1. Let d(r) = -8*r - 1. Let b(c) = -5*d(c) - g(c). Let h(n) = n - 4. Let x = 0 - -4. Let m be h(x). Determine b(m).
4
Let q(a) = 2*a. Let z(m) = -5*m + 12. Let l(c) = -6*q(c) - 2*z(c). Calculate l(-15).
6
Suppose 258*h = 260*h - 108. Let z(v) = -55 - h - v**2 + 105 - 5*v. What is z(-5)?
-4
Let i(n) = -n**3 - 7*n**2 + 5*n + 1. Let t be 221/(-10) + 22 + 118/(-20). Give i(t).
-65
Let r(y) = -7*y**2 - y. Suppose 608*n = 615*n - 7. Let f be 8/(-64)*(n + 7). Give r(f).
-6
Let q(m) = m. Let k(h) = h**3 + 4*h**2 + 4*h. Let v(n) = -k(n) + 6*q(n). Suppose -5*w = -5*i - 50, 4*w = 5*w - 5. Determine v(i).
15
Let c(h) = -h - 5. Let t(y) = 6*y - 31. Let g be t(4). Let m be c(g). Suppose m = -z - 0*z. Let o(a) = -a**3 - 3*a**2 - 3*a - 3. Calculate o(z).
-1
Let s(c) = 17 + c - 14 + 38. Let x = 16858 - 16858. What is s(x)?
41
Let c(s) = 4*s**2 - 56*s + 7. Let b be c(14). Suppose 5*k = -2*a + b*a + 15, 5*k = a - 13. Let p(m) = m + 12. What is p(a)?
5
Let r be ((-1)/(-5))/((-1)/5). Let o(g) = 16*g**2 - 10*g - 11. Give o(r).
15
Suppose -7*g + 826 - 147 = 0. Let r(j) = -1 + 51*j - g*j + 49*j. Give r(10).
29
Let u(k) be the third derivative of -k**6/180 - k**5/30 + k**4/24 + 23*k**3/6 + k**2 - 2. Let x(w) be the first derivative of u(w). Give x(-3).
-5
Let b(t) = 5*t**2 - 29*t - 15. Let c(s) = s**2 + 40*s + 29. Let r(o) = 10*o + 7. Let q(w) = -2*c(w) + 9*r(w). Let p(j) = 3*b(j) + 8*q(j). Determine p(-7).
-5
Let h(o) be the third derivative of -2/15*o**5 - 1/120*o**6 + 7/6*o**3 + 0*o - 1/6*o**4 - 165*o**2 + 0. Determine h(-7).
-14
Let i be (-9)/((-45)/52) + (-6)/15. Suppose -5*b - i*b = -855. Suppose -62*f = -b*f. Let q(t) = -t**3 - t**2 + t - 8. Give q(f).
-8
Let p(k) = -k**3 - 5*k**2 - 2*k - 4. Let u be p(-5). Let a(y) = 4*y - 48. Let o be a(12). Suppose o = 2*n - u*n. Let x(t) = t**2 + 4. Calculate x(n).
4
Let u(v) = 560*v - 1669. Let z be u(3). Let a(t) = 7*t - 93. Give a(z).
-16
Let w(c) = c**3 - 4*c**2 + 4*c - 4. Let t(s) = 5*s + 175. Let z be t(-41). Suppose d = 4*d + 27